**3 - 3*d**2 - d + 3. Let n be a(x). Suppose n*u - u = -9. List the prime factors of u.
3
Suppose 5*m = -5*n - 0*m + 15, 0 = -3*n - 5*m + 11. Suppose 2*x - 20 = -2*p, -n*p + 5*x = -3*p + 6. What are the prime factors of p?
11
Suppose 0*j = -2*j + 5*m - 21, 4*j + 49 = 3*m. Suppose 2*h - 63 = -13. Let w = h + j. List the prime factors of w.
2, 3
Let f be (0 + 2)/(-1) - 0. Let x = f + 11. Let s = x + -2. What are the prime factors of s?
7
Let q = 2 + -2. Let v(g) = -g**2 - 13. Let f be v(q). Let t = -8 - f. What are the prime factors of t?
5
Suppose -4*j + 6*j - 160 = 0. List the prime factors of j.
2, 5
Let r be (-5)/(-20) + (-22)/(-8). Suppose -4*k + 2 - 1 = -r*f, f + 4*k - 21 = 0. List the prime factors of f.
5
Suppose -3*g - n + 84 = 2*n, 2*g + 5*n = 53. What are the prime factors of g?
29
Suppose -4*x - 12 = -36. List the prime factors of 2/12 - (-59)/x.
2, 5
List the prime factors of (-1 + 1 - -3) + (-17280)/(-80).
3, 73
Suppose -38 = -2*t + t + 4*d, -t - d = -63. List the prime factors of t.
2, 29
Let l be (-8)/(-12) + (-8)/(-6). Suppose -8 = -p - 2*s + 15, -l*p + 2*s = -40. List the prime factors of p.
3, 7
Let x = 320 - 174. List the prime factors of x.
2, 73
Suppose 37 = 2*d - 11. Let p = -10 + d. List the prime factors of p.
2, 7
Let r(v) = -v**3 - 18*v**2 + 7*v + 9. List the prime factors of r(-19).
3, 79
Let v(h) = -h**2 + 6*h + 5. Let r be v(7). Let a = r - -2. Suppose a*b = b - 9. List the prime factors of b.
3
Suppose -7 = -3*z + 8. Suppose 2*v = 6, 2*v - 6 - 14 = -2*q. Let u = q - z. What are the prime factors of u?
2
Let y(x) = 6*x - 10. List the prime factors of y(8).
2, 19
Let n = 342 + -237. What are the prime factors of n?
3, 5, 7
Let g be (28/12 - 2)*75. Let t = g - 10. What are the prime factors of t?
3, 5
Suppose -790 = -2*m + 4*k, 5*m - 1145 = 2*m - 2*k. List the prime factors of m.
5, 7, 11
Suppose 29 = -5*j - 2*q - 23, 4*q + 4 = 0. Let h be 2/7 + (-330)/(-21). What are the prime factors of (h/j)/((-2)/5)?
2
Suppose 0 = -4*c + 7 + 1. Suppose -g + q = -9, g = c*g - 5*q - 13. Suppose -z = -3*m - 16 - 6, 3*m + g = -z. List the prime factors of z.
7
Let c(b) = b**3 + 15*b**2 + 16*b + 19. List the prime factors of c(-12).
7, 37
Suppose 2*m = 5*m - 9. Suppose 0 = -m*q + 4*w - 2*w + 52, 4*w + 6 = -q. What are the prime factors of (40/q)/(6/21)?
2, 5
Let j = -87 + 181. List the prime factors of j.
2, 47
Let n(p) = 2*p**2 + 33*p - 1. List the prime factors of n(-19).
2, 47
Let v = 2 + 1. Suppose -10 = 2*o - 7*q + 3*q, -4*q + 7 = -v*o. Suppose -5*l = -2*w + o + 7, -26 = -2*w - 3*l. What are the prime factors of w?
2, 5
Let g(f) = 2*f**3 - 6*f**2 - 3*f - 2. List the prime factors of g(5).
83
Suppose 5*y = -n + y - 2, 3*y + 3 = 0. Suppose -4*d = -t - 0*d + 17, 2*t - n*d - 64 = 0. List the prime factors of t.
37
Suppose 4*x - 7 - 1 = 0. Suppose -5*o - 3 - 19 = -x*r, 55 = 5*r + 3*o. What are the prime factors of r?
11
Suppose 0 = 3*o - 0*o - 102. What are the prime factors of o?
2, 17
Suppose 0 = r + 2*r - 114. Let j = -21 + r. List the prime factors of j.
17
Let t = 40 - 23. List the prime factors of t.
17
Let c = 15 - -4. List the prime factors of c.
19
Suppose 3*w + j = 18, 0*j = 5*w - 3*j - 44. Let o = w - 3. List the prime factors of o.
2
Let s(p) = -p**3 + 5*p**2 - 2*p + 2. Let m be s(4). Suppose -5 = 5*r - 20. List the prime factors of (-15)/(-10)*m/r.
5
Let f be ((-2)/3)/(2/(-21)). Let y(g) = g + 5. Let a be y(f). List the prime factors of (3/4)/(1/a).
3
Let q = -2 - -5. Suppose -g = -3*v + 11, -q*v + g - 5*g = -16. Suppose 0*j + 5*j = -v*f + 25, 3*j + 39 = 3*f. List the prime factors of f.
2, 5
Suppose -2*t - 12 = -4*i, -14 = -i - 0*t - 5*t. Suppose i*v - 9 = v. Suppose 5*p - v*k = 53, 0 = 2*p + p + 4*k - 55. What are the prime factors of p?
13
Let a = 5 + -3. Suppose 4*r + 0*r + 2*i = 14, -a*r = -2*i - 22. Suppose -r = -3*x + 3. List the prime factors of x.
3
Let r be (-1)/(2/(-4)*1). Let v be -2 - -1 - (-3 + r). Suppose 5*w + 3*b = 25, v*w - 20 = -4*w - 4*b. List the prime factors of w.
5
Let b(y) = y**3 - 8*y**2 - 9*y + 3. Let h be b(9). Suppose t + t = h*k - 12, -10 = -2*k + 2*t. What are the prime factors of k?
2
Let n be (-1)/(1/3) - 1. Let k = 5 - n. List the prime factors of k.
3
Let j(b) = -3*b**3 - 5*b**2 - 3*b - 21. What are the prime factors of j(-4)?
103
Let y(s) = s**3 + 6*s**2 - s. Let x be y(-6). Let q(v) = -v + 3 + x + 2. List the prime factors of q(0).
11
Let t be -2 - -1*18 - -1. Let w be (-1)/3 + t/(-3). List the prime factors of ((-2)/w)/((-2)/(-42)).
7
Let i = -5 + 8. Suppose 2*b + i*b = -4*l + 1, 3*b = -9. What are the prime factors of l?
2
Suppose a = 3*r + 15, r + 1 + 4 = -4*a. Let v = 3 + a. What are the prime factors of v?
3
Let d(x) = -2*x - 11. Let c be d(-10). Suppose -2*o = o - c. What are the prime factors of -1*o*(-16)/3?
2
Let i = 41 + -29. List the prime factors of i.
2, 3
Let m = 3 - 9. What are the prime factors of 53/2 - 3/m?
3
Let s(u) = u**3 - 3*u**2 - u - 3. Let j be s(4). Let z = j + 13. List the prime factors of z.
2, 11
Let c be (-2)/((27/6)/(-9)). Suppose m = -4*m - 10. What are the prime factors of m/(-4) + 14/c?
2
Let t be 19/4 + (-2)/(-8). Let m(x) = -x**3 + 6*x**2 - 2*x + 5. List the prime factors of m(t).
2, 5
Let y(l) = l - 4. Let u(n) = 3*n - 15. Let w(b) = 4*u(b) - 15*y(b). Let s be w(2). Let h(a) = a + 11. What are the prime factors of h(s)?
5
Let u be ((-63)/(-12))/((-2)/(-40)). Suppose -z + u = 2*z. List the prime factors of z.
5, 7
Suppose -2*y = -2 - 42. Let z be (-16)/(1 + 9/(-6)). Let l = z - y. List the prime factors of l.
2, 5
Suppose -4*u + 5*q = -167, 4*u = -4*q + 3*q + 173. Suppose -4*c + 40 = 4*m, 0 = 5*c - m - m - u. List the prime factors of c.
3
Let r(y) = y**2 + 11*y + 12. Suppose 0 = 4*n + 16, -6*n + n = 2*k + 42. List the prime factors of r(k).
2, 3
Let u(h) = 3*h + 10. List the prime factors of u(6).
2, 7
Suppose 4*h = 3*p - 45, 3*p - 60 = -p - 3*h. List the prime factors of p.
3, 5
Let o(t) = 6*t + 4. Suppose 2 + 13 = 3*f. List the prime factors of o(f).
2, 17
Suppose -y = -5*k + 47, 3*k + 0*k + y - 25 = 0. Let m = 13 + k. Suppose 5*r + 7 - m = 0. What are the prime factors of r?
3
Let h be (12/(-10))/((-18)/120). Suppose 3*w + 10 = h*w. What are the prime factors of w?
2
Let q(p) = 36*p + 16. What are the prime factors of q(3)?
2, 31
Let b(j) = j - 3 + j**2 + 3 - 6. What are the prime factors of b(-5)?
2, 7
Let l be 2/6 + (-5)/(-3). Suppose 3*m - 8 = l*m. List the prime factors of m.
2
Suppose 3*r + 5*x - 101 = 0, 0*x = -r + 2*x + 41. What are the prime factors of r?
37
Let o(q) = 9*q**2 + 2*q + 1. Let w(k) = -27*k**2 - 6*k - 3. Let s(l) = -17*o(l) - 6*w(l). List the prime factors of s(-1).
2
Let g = -91 + 164. List the prime factors of g.
73
Let b be (6/(-9))/((-4)/(-6)). What are the prime factors of (-3 - -27) + b + -2?
3, 7
Suppose 0 = 2*s + 5*m - 269, s - 2*s + m + 124 = 0. List the prime factors of s.
127
Let v = 4 - -6. Suppose 0 = 4*b - 10 - v. What are the prime factors of b?
5
List the prime factors of 2/(1/(-4) + (-1863)/(-7164)).
199
Suppose 15 = 4*i - 657. List the prime factors of i.
2, 3, 7
Suppose -5*w = 4*r - 88 - 61, -69 = -2*r + 3*w. What are the prime factors of r?
2, 3
Let a be 8/(-10)*110/(-4). Suppose -m - b + 4 = 0, 0*b - 15 = 3*b. Suppose -3*n = 5*j - 5 - a, -n + j + m = 0. What are the prime factors of n?
3
Let a(k) = k**3 - 9*k**2 - 4. Let f be a(9). Let j be f/(-4) + (-1 - -8). Suppose -v = 3*m + 2*m - 40, -m = -v - j. What are the prime factors of m?
2
Suppose 29 = -5*k + 9. Let a(g) = -4*g**2 + 4*g**2 - 5*g + 5 - g**2. What are the prime factors of a(k)?
3
What are the prime factors of ((-14)/(-21))/(1/12)?
2
Suppose -5*d = -206 - 64. List the prime factors of d.
2, 3
Suppose y - 2*v - 189 - 79 = 0, 3*y + v - 783 = 0. List the prime factors of y.
2, 131
Let u = 3 + -3. Suppose u = -5*m + 10, -18 = -3*o - m + 17. What are the prime factors of o?
11
Suppose 3*t = -4*i - 2 + 9, 0 = i - 2*t - 10. Let y(l) = 0*l + l + 3 + i*l. List the prime factors of y(3).
2, 3
Let w = -12 + 21. Let i = 13 + w. List the prime factors of i.
2, 11
Suppose 0*s - s + 35 = 0. What are the prime factors of s?
5, 7
Let g be (-7 + 7)*1/(-3). Let z(h) = -h**3 - h**2. Let p be z(g). Suppose 0 = 5*n - x - 15, -3*x + 6 = 2*n - p*n. List the prime f